Let h = 262 + -167. Suppose 289 = 8*k - h. Calculate the highest common factor of 32 and k.
16
Let c = 14 + -12. Let j = c - 4. Let w be (208/(-4))/j - -4. Calculate the highest common divisor of w and 45.
15
Let z be 10/20 - (-182)/4. Calculate the highest common factor of 207 and z.
23
Let k(p) be the second derivative of 7*p**3/3 - 5*p. Let y be k(3). Suppose 3*w + 6 - y = 0. What is the greatest common factor of 12 and w?
12
Suppose -104 = 30*x - 56*x. Let r = -19 - -31. Calculate the highest common divisor of r and x.
4
Suppose 3*c - 2 = 4. Suppose 2*s - 4*s = -3*z - 20, -2*z = c*s. Suppose 14 + 58 = s*f. What is the highest common divisor of f and 2?
2
Let i(j) be the third derivative of -11*j**4/24 - 3*j**3/2 - 8*j**2. Let q be i(-2). What is the highest common factor of q and 13?
13
Let y be 4/((-20)/(-5))*(30 - -1). Let h = y + 145. What is the greatest common divisor of h and 16?
16
Let r be (-70)/6*624/(-364). What is the highest common divisor of r and 95?
5
Suppose -4*g = 5*t - 61, -16*g + 12*g = -5*t - 11. Calculate the highest common divisor of 207 and g.
9
Suppose 10*w - 228 - 132 = 0. What is the highest common divisor of 81 and w?
9
Let x(b) = b**2 - 2*b + 1. Let j be x(3). Suppose -8 = j*g, 2*f - 4*f + 2*g + 46 = 0. Calculate the greatest common factor of 14 and f.
7
Suppose 790 = 3*r + 5*j, -3*r + 207 = -3*j - 615. What is the greatest common factor of 54 and r?
54
Suppose -24*m = -47*m + 1104. Calculate the highest common divisor of 384 and m.
48
Let n(f) = 2*f**3 + 78*f**2 + f + 50. Let a be n(-39). Suppose 0 = -35*h + 31*h + 484. Calculate the greatest common factor of a and h.
11
Let x be 2*(6 + 2 + -1). Suppose -79 = -7*n + 2*n - 3*j, -2*j = n - 20. Calculate the greatest common divisor of n and x.
14
Let c = 2126 - 2101. Let w be (0 - -2 - -113)*-1. Let u = w + 290. What is the highest common divisor of c and u?
25
Let q(g) = g**3 + 19*g**2 - 2*g + 10. Let v be q(-19). What is the greatest common factor of 704 and v?
16
Suppose 2*w - 33 = -5*c, 3*w + 4*c - 13 = 19. Let t = w + 3. Suppose -9 + 2 = -x. What is the greatest common divisor of x and t?
7
Let j = -89 + 92. Let m be (-48)/(-20) + (-4)/10. Calculate the greatest common factor of m and j.
1
Let m(v) = -v**2 - 14*v + 18. Let b be m(-12). Suppose -2*i + 313 = 5*j, j - 192 = -2*j + 3*i. Calculate the greatest common factor of b and j.
21
Suppose 0 = -8*m + 27 + 5. Suppose -404 - 44 = -m*v. Calculate the highest common divisor of v and 16.
16
Suppose -143 = -9*w + 100. Calculate the greatest common factor of 81 and w.
27
Let k = 462 - 280. Calculate the greatest common factor of 42 and k.
14
Suppose -5*s - 3*q = -162, -5*s - 8*q + 160 = -3*q. Calculate the highest common divisor of 77 and s.
11
Let b = 640 - 528. What is the highest common factor of 56 and b?
56
Suppose 0 = -5*k + 3*v - 72, -k - 2 - 8 = -5*v. Let p be k/(-6)*52/10. Calculate the greatest common factor of p and 52.
13
Let p(o) = -4*o - 4. Suppose -9*a - 140 = -41. Let y be p(a). Calculate the highest common factor of y and 360.
40
Let y be 4/(-60)*-5*0. Let q be (y - 80/(-12))*21. Calculate the highest common factor of 20 and q.
20
Let g = -413 - -422. Suppose -t = -6*t + 10. Calculate the greatest common factor of g and t.
1
Suppose -13 = -3*f + 23. Let w be 2/(12/9)*f. Suppose 2*g = 5 + 3, -4*r - 4*g + 24 = 0. Calculate the greatest common factor of r and w.
2
Let c = 12 + -4. Let d = 37 - -134. Let v = 243 - d. Calculate the highest common divisor of c and v.
8
Let i be (88/55)/(1/25). What is the highest common factor of 56 and i?
8
Let j be (-1456)/140*(-31 + 1). What is the greatest common divisor of 24 and j?
24
Let f(b) = -b**3 + 6*b**2 + 10*b - 1. Let z be f(7). Calculate the highest common divisor of z and 68.
4
Let x be ((-36)/(-20))/(9/1035). Calculate the highest common factor of 36 and x.
9
Let g(t) be the second derivative of t**4/4 - t**3/6 + 15*t**2 + 28*t. Let i be g(-6). What is the highest common factor of 18 and i?
18
Let c = -88 - -91. Suppose -3*r + p = -2*r - 2, 2*r - 1 = 5*p. Suppose r*j - 5 = 22. What is the greatest common divisor of c and j?
3
Let f(k) = -k + 90. Let j be f(0). Let x = 810 + -774. Calculate the highest common factor of x and j.
18
Suppose 7*o + 4*o = 385. Suppose 0*g = -4*g + 3*f + 56, 5*g = -5*f + o. Calculate the highest common divisor of 1 and g.
1
Suppose r - 59 = -u, -2*u = -3*r + 4*r - 113. Calculate the highest common factor of u and 6.
6
Suppose 44 = 6*t - 2*t. Let z = t - 8. Suppose 3*u + 3 = -0*f + z*f, 2*f + u = 8. Calculate the greatest common factor of 15 and f.
3
Suppose 4*t - 2*j - 34 = 36, 5*j = t - 4. Let r = t - 8. Calculate the greatest common factor of r and 33.
11
Let k = -433 + 434. Let l = -11 + 16. Calculate the greatest common factor of l and k.
1
Let v be 3 + (-7)/((-21)/(-12)). Let b be (0 + 1 - v) + 22. Let q = -36 - -204. What is the highest common divisor of b and q?
24
Let s(u) = -3*u**2 - 6*u + 7. Let l be s(-2). Calculate the highest common divisor of l and 1393.
7
Let x(b) = -12 + 25 + 0*b - b. Let g be x(11). Calculate the highest common divisor of 1 and g.
1
Let w = 21 + 171. Suppose -h + 3*u + 0*u + 52 = 0, -5*h + w = 2*u. Calculate the greatest common factor of 8 and h.
8
Let o(k) = 17*k**2 + 2*k + 1. Let g be o(2). Suppose f + 9 = g. Let a(p) = 5*p + 31. Let h be a(-3). Calculate the highest common divisor of f and h.
16
Let h(u) = u**3 + 6*u**2 + 3*u + 1. Let z be h(-5). Suppose 4*p - 1 - z = 0. Suppose p*b = b + 66. Calculate the greatest common divisor of b and 11.
11
Suppose 0*y = -4*v - y + 123, v - 5*y = 15. Let j be v/(-50) - (-18)/5. Calculate the greatest common factor of 33 and j.
3
Let t(a) = 43*a + 1. Let n be t(3). Let j(q) = -q**2 - 20*q + 26. Let b be j(-20). Let d be (b/5)/((-4)/(-40)). Calculate the highest common factor of n and d.
26
Let w = 32 + -23. Suppose -4*s - 10 = -w*s. Let v = -3 + 19. Calculate the greatest common divisor of s and v.
2
Let y = 16 - 11. Suppose 0 = d + 4*w + 269 - 54, d + 220 = -y*w. Let u be (-2)/(-4) - d/2. Calculate the highest common factor of u and 14.
14
Suppose -10*s = -5*s - 120. What is the highest common divisor of s and 120?
24
Suppose -11*i = -26*i + 19305. Suppose -18*l + i = -7*l. Calculate the greatest common divisor of l and 13.
13
Suppose 3*c + o = 32, -4*o = -3*c + 3 + 19. Calculate the greatest common factor of 110 and c.
10
Suppose 0 = -692*j + 681*j + 9570. What is the highest common divisor of j and 116?
58
Let b be -30*(-11)/66 - 160/(-2). What is the greatest common divisor of 15 and b?
5
Let p be 2/3*3 + 14 + -14. Suppose 2*b - 24 = p*s, 2*b + 3*s - 3 = 6. Suppose -d + 81 = -0*d. Calculate the highest common factor of b and d.
9
Let f be (-4)/(-18) - 133/(-9). Let u = 15 - 15. Suppose -2*v + 4 = u, -h - 3 = 2*v - 22. Calculate the highest common factor of h and f.
15
Let m be (34/(-6))/(26/(-156)). Calculate the greatest common divisor of m and 2.
2
Let p(j) = -3*j + 148. Let a be p(26). Calculate the highest common factor of a and 56.
14
Let a be 510/10 - -8 - 4/2. What is the highest common factor of 133 and a?
19
Suppose 0 = -3*y - 2*y - 20. Let z(m) = m**2 - 6*m - 4. Let j be z(y). Let x be 88 - (1 - 5)/2. Calculate the greatest common divisor of x and j.
18
Let p(l) = 3*l**2 + 3*l - 10. Let n be p(-5). Let t(j) = 5*j**2 - j + 1. Let c be t(1). Let u = c + 15. Calculate the highest common factor of u and n.
10
Let z be 2 + (-8877)/(-24) + (-3)/(-24). Suppose 5*m = 123 + z. Calculate the highest common factor of m and 9.
9
Suppose -2*t - 9 + 49 = 0. Suppose 0 = -4*a - 4*s + t, -4*a + 5*s - s = -20. Calculate the highest common factor of a and 10.
5
Let r = -58 + 39. Let d = r - -26. Let i = 33 - 19. What is the greatest common divisor of d and i?
7
Suppose -8*x + 115 + 109 = 0. Calculate the highest common factor of 28 and x.
28
Let i(s) = -s**3 - 16*s**2 - 63*s - 25. Let d be i(-10). Calculate the greatest common divisor of 65 and d.
5
Let o = 87 + -104. Let z(x) = -6*x - 57. Let i be z(o). Suppose -21 + 93 = 4*q. Calculate the greatest common divisor of q and i.
9
Let h be (18 + (-3 - 1))*10/4. Suppose 4 = 3*o + 49. Let r be (-6)/o - 46/(-10). Calculate the highest common divisor of r and h.
5
Let j = 6 - -6. Let p be 124 + ((-8)/j)/((-4)